{"id":1223,"date":"2024-11-01T20:51:17","date_gmt":"2024-11-01T19:51:17","guid":{"rendered":"http:\/\/spatterlight.de\/?page_id=1223"},"modified":"2024-11-01T21:06:21","modified_gmt":"2024-11-01T20:06:21","slug":"ecce-und-die-alte-erde","status":"publish","type":"page","link":"http:\/\/spatterlight.de\/?page_id=1223","title":{"rendered":"Ecce und die Alte Erde"},"content":{"rendered":"\n<p class=\"has-text-align-center\"><img loading=\"lazy\" decoding=\"async\" width=\"225\" height=\"300\" src=\"http:\/\/spatterlight.de\/wp-content\/uploads\/2024\/11\/Ecce-und-die-Alte-Erde-DE-225x300.jpg\" alt=\"\"><br>Ecce und die Alte Erde<br>USA, 1991<br>\u00dcbersetzt von Andreas Irle<br> Seiten 478<br>Spatterlight, 2024<br>ISBN 978-1-61947-489-5<br>\u20ac 6,99<\/p>\n\n\n\n<p class=\"has-text-align-center\"><a href=\"https:\/\/www.amazon.de\/dp\/B0DKBMP5F1\/ref=sr_1_3?__mk_de_DE=%C3%85M%C3%85%C5%BD%C3%95%C3%91&amp;crid=C8U41SOVPLBQ&amp;dib=eyJ2IjoiMSJ9.s2rUN-tttT7G4jOtAtKIVj2MJcjX6h4poKIkJMLp6lFEbr5A4ZKi7kpzHWMegJ0T5OdX0SvgCEMlMesPcOBnpwTlDRoSpyDJlGITwfEX6Nm5er2PSKD-v2CpbScKe02NF7T22DAyWDtZO_Ar4tZmIxeu3jb99J93jVIYqbWgUMn1gUMiQNozLxXCVdWyENFaGvMZh5PgYi7xnSHywMavp7_aZx1Fp06RGyGQMaUqoWw.Nh4DYwicCp1hzv1GTq0dHonSALL0c1MrwTGE1euM2Bo&amp;dib_tag=se&amp;keywords=jack+vance+ecce+und+die+alte+erde&amp;qid=1730486794&amp;s=books&amp;sprefix=jack+vance+ecce+und+die+alte+erde%2Cstripbooks%2C216&amp;sr=1-3\" target=\"_blank\" rel=\"noreferrer noopener\">amazon<\/a><br><a href=\"https:\/\/www.xinxii.com\/belletristik-1\/science-fiction-12\/ecce-und-die-alte-erde-527109\" target=\"_blank\" rel=\"noreferrer noopener\">spatterlight<\/a><\/p>\n\n\n\n<p>Beinahe \u00fcbersprudelnd vor Hoffnung begab sich Wayness auf den weiten Weg gen Norden und Osten, \u00fcber Berge, Seen und Fl\u00fcsse und schlie\u00dflich hinab zur Gro\u00dfen Altaischen Steppe und der historischen Stadt Kiew.<\/p>\n\n\n\n<p>Das Funusti Museum befand sich in den grandiosen R\u00e4umlichkeiten des alten Konevitsky-Palastes auf dem Muromh\u00fcgel im hinteren Teil der Altstadt Kiews. Wayness nahm Unterkunft im Hotel <em>Mazeppa<\/em> und wurde in eine Zimmerflucht gef\u00fchrt, die mit hellbraunem Nussholz get\u00e4felt und mit roten und blauen Blumenornamenten verziert war. Ihre Fenster boten Blicke \u00fcber den F\u00fcrst-Bogdan-Yurevich-Kolsky-Platz: eine grob f\u00fcnfeckige Fl\u00e4che, die mit Platten aus rosagrauem Granit belegt war. An drei Seiten reckten zwei Kathedralen und ein Kloster, die liebevoll in altert\u00fcmlichem Stil restauriert oder m\u00f6glicherweise rekonstruiert worden waren, Dutzende von Zwiebelkuppeln in die H\u00f6he, mit Goldfolie \u00fcberzogen oder rot, blau, gr\u00fcn gestrichen oder mit spiralf\u00f6rmigen Streifen.<\/p>\n\n\n\n<p>\u00bbDort dr\u00fcben, auf der Vorrichtung aus Eisenstangen, hat Iwan Grosny das Volk von Kiew f\u00fcr seine Missetaten gebraten. Das war nat\u00fcrlich vor langer Zeit, und der Rost ist eine Nachbildung. Direkt an der Seite, in diesem kleinen Kiosk, verkauft ein H\u00e4ndler Grillw\u00fcrstchen, was ich f\u00fcr ziemlich geschmacklos halte.\u00ab<\/p>\n","protected":false},"excerpt":{"rendered":"<p>Ecce und die Alte ErdeUSA, 1991\u00dcbersetzt von Andreas Irle Seiten 478Spatterlight, 2024ISBN 978-1-61947-489-5\u20ac 6,99 amazonspatterlight Beinahe \u00fcbersprudelnd vor Hoffnung begab sich Wayness auf den weiten Weg gen Norden und Osten, \u00fcber Berge, Seen und Fl\u00fcsse und schlie\u00dflich hinab zur Gro\u00dfen Altaischen Steppe und der historischen Stadt Kiew. Das Funusti Museum befand sich in den grandiosen R\u00e4umlichkeiten des alten Konevitsky-Palastes auf&nbsp;<a href=\"http:\/\/spatterlight.de\/?page_id=1223\" class=\"read-more\">Weiter lesen<\/a><\/p>\n","protected":false},"author":2,"featured_media":0,"parent":0,"menu_order":0,"comment_status":"closed","ping_status":"closed","template":"","meta":{"footnotes":""},"_links":{"self":[{"href":"http:\/\/spatterlight.de\/index.php?rest_route=\/wp\/v2\/pages\/1223"}],"collection":[{"href":"http:\/\/spatterlight.de\/index.php?rest_route=\/wp\/v2\/pages"}],"about":[{"href":"http:\/\/spatterlight.de\/index.php?rest_route=\/wp\/v2\/types\/page"}],"author":[{"embeddable":true,"href":"http:\/\/spatterlight.de\/index.php?rest_route=\/wp\/v2\/users\/2"}],"replies":[{"embeddable":true,"href":"http:\/\/spatterlight.de\/index.php?rest_route=%2Fwp%2Fv2%2Fcomments&post=1223"}],"version-history":[{"count":3,"href":"http:\/\/spatterlight.de\/index.php?rest_route=\/wp\/v2\/pages\/1223\/revisions"}],"predecessor-version":[{"id":1239,"href":"http:\/\/spatterlight.de\/index.php?rest_route=\/wp\/v2\/pages\/1223\/revisions\/1239"}],"wp:attachment":[{"href":"http:\/\/spatterlight.de\/index.php?rest_route=%2Fwp%2Fv2%2Fmedia&parent=1223"}],"curies":[{"name":"wp","href":"https:\/\/api.w.org\/{rel}","templated":true}]}}