{"id":144,"date":"2017-07-08T12:31:03","date_gmt":"2017-07-08T10:31:03","guid":{"rendered":"http:\/\/editionandreasirle.com\/?page_id=144"},"modified":"2024-02-26T20:26:55","modified_gmt":"2024-02-26T19:26:55","slug":"t-sternenkoenig-der","status":"publish","type":"page","link":"http:\/\/spatterlight.de\/?page_id=144","title":{"rendered":"Die D\u00e4monenf\u00fcrsten I: Der Sternenk\u00f6nig"},"content":{"rendered":"<p><img loading=\"lazy\" decoding=\"async\" class=\"aligncenter size-medium wp-image-1080\" src=\"http:\/\/spatterlight.de\/wp-content\/uploads\/2021\/11\/Der-Sternenkoenig-DE-226x300.jpg\" alt=\"\" width=\"226\" height=\"300\" srcset=\"http:\/\/spatterlight.de\/wp-content\/uploads\/2021\/11\/Der-Sternenkoenig-DE-226x300.jpg 226w, http:\/\/spatterlight.de\/wp-content\/uploads\/2021\/11\/Der-Sternenkoenig-DE-772x1024.jpg 772w, http:\/\/spatterlight.de\/wp-content\/uploads\/2021\/11\/Der-Sternenkoenig-DE-768x1019.jpg 768w, http:\/\/spatterlight.de\/wp-content\/uploads\/2021\/11\/Der-Sternenkoenig-DE-1157x1536.jpg 1157w, http:\/\/spatterlight.de\/wp-content\/uploads\/2021\/11\/Der-Sternenkoenig-DE.jpg 1507w\" sizes=\"(max-width: 226px) 100vw, 226px\" \/><\/p>\n<p style=\"text-align: center;\">The Star King<\/p>\n<p style=\"text-align: center;\">USA, 1963\/64<br \/>\n\u00dcbersetzt von Andreas Irle<br \/>\n218 Seiten<br \/>\nSpatterlight, 2021<br \/>\nISBN&nbsp; 978-1-61947-420-8<br \/>\n\u20ac 4,99<\/p>\n<p style=\"text-align: center;\"><a href=\"https:\/\/www.amazon.de\/Die-D%C3%A4monenf%C3%BCrsten-Sternenk%C3%B6nig-Jack-Vance-ebook\/dp\/B09LJ494XP\/ref=sr_1_1?__mk_de_DE=%C3%85M%C3%85%C5%BD%C3%95%C3%91&amp;keywords=Vance+sternenk%C3%B6nig&amp;qid=1637506158&amp;qsid=261-1878408-9274320&amp;s=digital-text&amp;sr=1-1&amp;sres=B09LJ494XP&amp;srpt=ABIS_BOOK\" target=\"_blank\" rel=\"noopener\">amazon<\/a><br \/>\n<a href=\"https:\/\/www.xinxii.com\/belletristik-1\/science-fiction-12\/die-d%C3%A4monenf%C3%BCrsten-i-der-sternenk%C3%B6nig-510055\" target=\"_blank\" rel=\"noopener\">Spatterlight-Shop<\/a><\/p>\n<p>Was ist ein b\u00f6ser Mensch? Der Mensch ist b\u00f6se, der Gehorsam f\u00fcr seine privaten Zwecke erzwingt, Sch\u00f6nheit zerst\u00f6rt, Schmerz hervorruft, Leben ausl\u00f6scht \u2026<br \/>\nF\u00fcnf Piratenkapit\u00e4ne haben bestimmte Menschen, die uns teuer waren, vernichtet und andere versklavt. Rache ist kein unehrenhaftes Motiv, wenn sie einem produktiven Zweck dient \u2026<br \/>\nDu musst die f\u00fcnf t\u00f6ten, und es schadet nichts, wenn sie w\u00e4hrend des Vorgangs Schmerzen erleiden, denn sie haben eine unermessliche Schuld an Schmerzen und Kummer \u00fcber andere gebracht.<\/p>\n<p>Das ist das Erbe, welches Kirth Gersen von seinem Gro\u00dfvater mit auf den Weg bekommt. Auf den Weg, die f\u00fcnf D\u00e4monenf\u00fcrsten zu finden und zur Strecke zu bringen. Der erste dieser D\u00e4monenf\u00fcrsten, dem er auf die Spur kommt, hei\u00dft Attel Malagate \u2026<\/p>\n","protected":false},"excerpt":{"rendered":"<p>The Star King USA, 1963\/64 \u00dcbersetzt von Andreas Irle 218 Seiten Spatterlight, 2021 ISBN&nbsp; 978-1-61947-420-8 \u20ac 4,99 amazon Spatterlight-Shop Was ist ein b\u00f6ser Mensch? Der Mensch ist b\u00f6se, der Gehorsam f\u00fcr seine privaten Zwecke erzwingt, Sch\u00f6nheit zerst\u00f6rt, Schmerz hervorruft, Leben ausl\u00f6scht \u2026 F\u00fcnf Piratenkapit\u00e4ne haben bestimmte Menschen, die uns teuer waren, vernichtet und andere versklavt. Rache ist kein unehrenhaftes Motiv,&nbsp;<a href=\"http:\/\/spatterlight.de\/?page_id=144\" class=\"read-more\">Weiter lesen<\/a><\/p>\n","protected":false},"author":2,"featured_media":0,"parent":73,"menu_order":0,"comment_status":"closed","ping_status":"closed","template":"","meta":{"footnotes":""},"_links":{"self":[{"href":"http:\/\/spatterlight.de\/index.php?rest_route=\/wp\/v2\/pages\/144"}],"collection":[{"href":"http:\/\/spatterlight.de\/index.php?rest_route=\/wp\/v2\/pages"}],"about":[{"href":"http:\/\/spatterlight.de\/index.php?rest_route=\/wp\/v2\/types\/page"}],"author":[{"embeddable":true,"href":"http:\/\/spatterlight.de\/index.php?rest_route=\/wp\/v2\/users\/2"}],"replies":[{"embeddable":true,"href":"http:\/\/spatterlight.de\/index.php?rest_route=%2Fwp%2Fv2%2Fcomments&post=144"}],"version-history":[{"count":11,"href":"http:\/\/spatterlight.de\/index.php?rest_route=\/wp\/v2\/pages\/144\/revisions"}],"predecessor-version":[{"id":1142,"href":"http:\/\/spatterlight.de\/index.php?rest_route=\/wp\/v2\/pages\/144\/revisions\/1142"}],"up":[{"embeddable":true,"href":"http:\/\/spatterlight.de\/index.php?rest_route=\/wp\/v2\/pages\/73"}],"wp:attachment":[{"href":"http:\/\/spatterlight.de\/index.php?rest_route=%2Fwp%2Fv2%2Fmedia&parent=144"}],"curies":[{"name":"wp","href":"https:\/\/api.w.org\/{rel}","templated":true}]}}