{"id":164,"date":"2017-07-08T12:33:44","date_gmt":"2017-07-08T10:33:44","guid":{"rendered":"http:\/\/editionandreasirle.com\/?page_id=164"},"modified":"2020-02-23T20:43:56","modified_gmt":"2020-02-23T19:43:56","slug":"t-marune-alastor-933","status":"publish","type":"page","link":"http:\/\/spatterlight.de\/?page_id=164","title":{"rendered":"Marune: Alastor 933"},"content":{"rendered":"<p style=\"text-align: center;\"><img loading=\"lazy\" decoding=\"async\" class=\"aligncenter size-medium wp-image-935\" src=\"http:\/\/spatterlight.de\/wp-content\/uploads\/2019\/11\/Marune-DE-225x300.jpg\" alt=\"\" width=\"225\" height=\"300\" srcset=\"http:\/\/spatterlight.de\/wp-content\/uploads\/2019\/11\/Marune-DE-225x300.jpg 225w, http:\/\/spatterlight.de\/wp-content\/uploads\/2019\/11\/Marune-DE-768x1024.jpg 768w, http:\/\/spatterlight.de\/wp-content\/uploads\/2019\/11\/Marune-DE.jpg 1500w\" sizes=\"(max-width: 225px) 100vw, 225px\" \/><\/p>\n<p style=\"text-align: center;\">Marune: Alastor 933<\/p>\n<p style=\"text-align: center;\">Jack Vance, 1975<br \/>\n\u00dcbersetzt von Andreas Irle<br \/>\n188 Seiten<br \/>\nSpatterlight, 2020<\/p>\n<p style=\"text-align: center;\">ISBN-13 978-1-61947-301-0<\/p>\n<p style=\"text-align: center;\">Preis: \u20ac 4,99<\/p>\n<p style=\"text-align: center;\"><a href=\"https:\/\/www.amazon.de\/Marune-Alastor-933-Alastor-Sternhaufen-3-ebook\/dp\/B08181DP6Z\/ref=sr_1_1?__mk_de_DE=%C3%85M%C3%85%C5%BD%C3%95%C3%91&amp;keywords=jack+Vance+marune&amp;qid=1582486944&amp;s=digital-text&amp;sr=1-1\" target=\"_blank\" rel=\"noopener noreferrer\">amazon<\/a><br \/>\n<a href=\"https:\/\/www.xinxii.com\/marune-alastor-933-501439\" target=\"_blank\" rel=\"noopener noreferrer\">xinxii<\/a><\/p>\n<p>\u00bbPardero\u00ab nennen sie ihn, nach einem ber\u00fchmten Hussadespieler, denn er wei\u00df nicht, wer er ist \u2013 er hat sein Ged\u00e4chtnis verloren. Au\u00dferdem hat man ihm die Haare geschnitten, unbestimmte Kleidung angezogen und in ein Raumschiff gesetzt, das ihn weit von seinem Heimatplaneten weggebracht hat.<\/p>\n<p>Von wo stammt er? Wer ist er? Wer hat ihm das angetan? Wozu? Wie?<\/p>\n<p>Um das alles herauszufinden, muss er zun\u00e4chst Geld verdienen, um sich eine Passage zum Connat-Hospital auf Numenes leisten zu k\u00f6nnen. Auf Numenes, im Palast des Connat, in Saal 933 des Rings der Welten erh\u00e4lt er die Antwort auf die erste Frage. Anschlie\u00dfend macht er sich auf den Weg, um die Antworten auf die anderen Fragen in Erfahrung zu bringen.<\/p>\n","protected":false},"excerpt":{"rendered":"<p>Marune: Alastor 933 Jack Vance, 1975 \u00dcbersetzt von Andreas Irle 188 Seiten Spatterlight, 2020 ISBN-13 978-1-61947-301-0 Preis: \u20ac 4,99 amazon xinxii \u00bbPardero\u00ab nennen sie ihn, nach einem ber\u00fchmten Hussadespieler, denn er wei\u00df nicht, wer er ist \u2013 er hat sein Ged\u00e4chtnis verloren. Au\u00dferdem hat man ihm die Haare geschnitten, unbestimmte Kleidung angezogen und in ein Raumschiff gesetzt, das ihn weit&nbsp;<a href=\"http:\/\/spatterlight.de\/?page_id=164\" class=\"read-more\">Weiter lesen<\/a><\/p>\n","protected":false},"author":2,"featured_media":0,"parent":369,"menu_order":0,"comment_status":"closed","ping_status":"closed","template":"","meta":{"footnotes":""},"_links":{"self":[{"href":"http:\/\/spatterlight.de\/index.php?rest_route=\/wp\/v2\/pages\/164"}],"collection":[{"href":"http:\/\/spatterlight.de\/index.php?rest_route=\/wp\/v2\/pages"}],"about":[{"href":"http:\/\/spatterlight.de\/index.php?rest_route=\/wp\/v2\/types\/page"}],"author":[{"embeddable":true,"href":"http:\/\/spatterlight.de\/index.php?rest_route=\/wp\/v2\/users\/2"}],"replies":[{"embeddable":true,"href":"http:\/\/spatterlight.de\/index.php?rest_route=%2Fwp%2Fv2%2Fcomments&post=164"}],"version-history":[{"count":6,"href":"http:\/\/spatterlight.de\/index.php?rest_route=\/wp\/v2\/pages\/164\/revisions"}],"predecessor-version":[{"id":972,"href":"http:\/\/spatterlight.de\/index.php?rest_route=\/wp\/v2\/pages\/164\/revisions\/972"}],"up":[{"embeddable":true,"href":"http:\/\/spatterlight.de\/index.php?rest_route=\/wp\/v2\/pages\/369"}],"wp:attachment":[{"href":"http:\/\/spatterlight.de\/index.php?rest_route=%2Fwp%2Fv2%2Fmedia&parent=164"}],"curies":[{"name":"wp","href":"https:\/\/api.w.org\/{rel}","templated":true}]}}