{"id":201,"date":"2017-07-08T12:31:09","date_gmt":"2017-07-08T10:31:09","guid":{"rendered":"http:\/\/editionandreasirle.com\/?page_id=201"},"modified":"2018-09-08T17:59:22","modified_gmt":"2018-09-08T15:59:22","slug":"t-azurne-planet-der","status":"publish","type":"page","link":"http:\/\/spatterlight.de\/?page_id=201","title":{"rendered":"Der azurne Planet"},"content":{"rendered":"<p style=\"text-align: center;\"><img loading=\"lazy\" decoding=\"async\" class=\"aligncenter size-medium wp-image-679\" src=\"http:\/\/editionandreasirle.com\/wp-content\/uploads\/2017\/11\/DerazurnePlanet-DE-225x300.jpg\" alt=\"\" width=\"225\" height=\"300\" srcset=\"http:\/\/spatterlight.de\/wp-content\/uploads\/2017\/11\/DerazurnePlanet-DE-225x300.jpg 225w, http:\/\/spatterlight.de\/wp-content\/uploads\/2017\/11\/DerazurnePlanet-DE-768x1024.jpg 768w, http:\/\/spatterlight.de\/wp-content\/uploads\/2017\/11\/DerazurnePlanet-DE.jpg 1500w\" sizes=\"(max-width: 225px) 100vw, 225px\" \/><\/p>\n<p><center>The Blue World<br \/>\nJack Vance, 1966<br \/>\n\u00dcbersetzt von Andreas Irle<br \/>\n208 Seiten<br \/>\nSpatterlight, 2017<\/center><\/p>\n<div align=\"center\"><\/div>\n<p><center>\u00a0Preis: \u20ac 4,99<\/center><\/p>\n<p style=\"text-align: center;\">Zu beziehen \u00fcber:<\/p>\n<p style=\"text-align: center;\"><a href=\"https:\/\/www.amazon.de\/azurne-Planet-Jack-Vance-ebook\/dp\/B06WD2C5G2\/ref=sr_1_9?s=digital-text&amp;ie=UTF8&amp;qid=1510325126&amp;sr=1-9&amp;keywords=jack+vance\" target=\"_blank\" rel=\"noopener noreferrer\">amazon.de<\/a><\/p>\n<p style=\"text-align: center;\"><a href=\"http:\/\/www.xinxii.com\/der-azurne-planet-p-383059.html\" target=\"_blank\" rel=\"noopener noreferrer\">XinXii<\/a><\/p>\n<p><center><\/center><center>\u00bbDie Kastenunterschiede hatten beim Schwimmblattvolk schnell ihre althergebrachte Bedeutung verloren. Anarchisten und Kuppler waren vollst\u00e4ndig verschwunden. Ehen zwischen den Kasten waren keineswegs mehr ungew\u00f6hnlich, insbesondere, sofern sie zwischen Kasten mit ann\u00e4hernd gleichem sozialem Status geschlossen wurden. Die Gesellschaft verfiel dadurch nat\u00fcrlich nicht in Chaos. Die Tr\u00fcger und Brandstifter wahrten \u2013 wie eh und je \u2013 ihre traditionelle Unnahbarkeit; die Schmieresteher konnten einer subtilen, nichtsdestotrotz allgemeinen Geringsch\u00e4tzung nicht entgehen, und dort, wo die Kasten mit einem Handwerk oder Gewerbe zu tun hatten, funktionierten sie mit unverminderter Effektivit\u00e4t. Die Bauernf\u00e4nger stellten den Gro\u00dfteil jener, die von Korakeln \u2013 Weidenrutenbooten \u2013 aus fischten, und obwohl die einst zahlreichen Preller zu einer blo\u00dfen Handvoll zusammengeschrumpft waren, dominierten sie immer noch die F\u00e4rbereien auf Feenblatt. Schmuggler kochten Firnis, Misset\u00e4ter zogen Z\u00e4hne. Lumpen bauten die Schwammlauben in den Lagunen, die Taschenspieler besa\u00dfen das vollst\u00e4ndige Monopol auf dem Gebiet der Taschenspielerei. Letzteres erregte die Neugier der Jugendlichen, welche fragten: \u00bbWas war zuerst da: Taschenspieler oder Taschenspielerei?\u00ab Soweit der Beginn des Romans Der azurne Planet.<br \/>\nSklar Hast will nicht nur Zander Rohan als Gildemeister der Taschenspieler beerben, sondern hat es auch auf dessen Tochter Meril abgesehen. Doch es kommt alles anders als geplant: Gro\u00dfe Ereignisse werfen ihre Schatten voraus \u2013 Ereignisse, welche das Leben aller Schwimmblattbewohner ver\u00e4ndern werden \u2026<\/center><\/p>\n","protected":false},"excerpt":{"rendered":"<p>The Blue World Jack Vance, 1966 \u00dcbersetzt von Andreas Irle 208 Seiten Spatterlight, 2017 \u00a0Preis: \u20ac 4,99 Zu beziehen \u00fcber: amazon.de XinXii \u00bbDie Kastenunterschiede hatten beim Schwimmblattvolk schnell ihre althergebrachte Bedeutung verloren. Anarchisten und Kuppler waren vollst\u00e4ndig verschwunden. Ehen zwischen den Kasten waren keineswegs mehr ungew\u00f6hnlich, insbesondere, sofern sie zwischen Kasten mit ann\u00e4hernd gleichem sozialem Status geschlossen wurden. Die Gesellschaft&nbsp;<a href=\"http:\/\/spatterlight.de\/?page_id=201\" class=\"read-more\">Weiter lesen<\/a><\/p>\n","protected":false},"author":2,"featured_media":0,"parent":369,"menu_order":0,"comment_status":"closed","ping_status":"closed","template":"","meta":{"footnotes":""},"_links":{"self":[{"href":"http:\/\/spatterlight.de\/index.php?rest_route=\/wp\/v2\/pages\/201"}],"collection":[{"href":"http:\/\/spatterlight.de\/index.php?rest_route=\/wp\/v2\/pages"}],"about":[{"href":"http:\/\/spatterlight.de\/index.php?rest_route=\/wp\/v2\/types\/page"}],"author":[{"embeddable":true,"href":"http:\/\/spatterlight.de\/index.php?rest_route=\/wp\/v2\/users\/2"}],"replies":[{"embeddable":true,"href":"http:\/\/spatterlight.de\/index.php?rest_route=%2Fwp%2Fv2%2Fcomments&post=201"}],"version-history":[{"count":12,"href":"http:\/\/spatterlight.de\/index.php?rest_route=\/wp\/v2\/pages\/201\/revisions"}],"predecessor-version":[{"id":799,"href":"http:\/\/spatterlight.de\/index.php?rest_route=\/wp\/v2\/pages\/201\/revisions\/799"}],"up":[{"embeddable":true,"href":"http:\/\/spatterlight.de\/index.php?rest_route=\/wp\/v2\/pages\/369"}],"wp:attachment":[{"href":"http:\/\/spatterlight.de\/index.php?rest_route=%2Fwp%2Fv2%2Fmedia&parent=201"}],"curies":[{"name":"wp","href":"https:\/\/api.w.org\/{rel}","templated":true}]}}