{"id":77,"date":"2017-07-08T12:25:58","date_gmt":"2017-07-08T10:25:58","guid":{"rendered":"http:\/\/editionandreasirle.com\/?page_id=77"},"modified":"2017-07-08T17:06:45","modified_gmt":"2017-07-08T15:06:45","slug":"bibliografien-sekundaerwerke","status":"publish","type":"page","link":"http:\/\/spatterlight.de\/?page_id=77","title":{"rendered":"Bibliografien \u2013 Sekund\u00e4rwerke"},"content":{"rendered":"<p>&nbsp;<\/p>\n<p><span style=\"color: #ffffff;\">2016 <em>Jack Vance \u2013 Weltensch\u00f6pfer und Wortschmied<\/em> \u2013 herausgegeben von Andreas Irle, Bergneustadt: Irle, 505 Seiten<\/span><\/p>\n<p><span style=\"font-family: Garamond; color: #ffffff;\">1945 \u2013 Jack Vance: Einf\u00fchrung als Schriftsteller<br \/>\n1964\/69 \u2013 Franz Rottensteiner: Jack Vance<br \/>\n1965 \u2013 Richard Tiedman: Jack Vance \u2013 Science-Fiction-Stilist<br \/>\n1978 \u2013 Terry Dowling: Die Kunst der Xenografie<br \/>\n1980 \u2013 Arthur Jean Cox: Jack Vance \u2013 Der Welten-Denker<br \/>\n1985 \u2013 Russell Letson: Einleitung zu \u00bbLight from a Lone Star\u00ab<br \/>\n1987 \u2013 Russell Letson: Identit\u00e4t, Freiheit und Wille<br \/>\n1988 \u2013 David Alexander: Wie man Hunde t\u00f6tet<br \/>\n1996 \u2013 Andreas Irle: Wortschmied und Weltensch\u00f6pfer<br \/>\n2000 \u2013 Nick Gevers: Herr der Sprache, Meister der Tr\u00e4ume<br \/>\n2000 \u2013 Jack Vance: Biografische Skizze &amp; andere Fakten<br \/>\n2000 \u2013 Tom Shippey: Menschen sind formbar<br \/>\n2000 \u2013 David Langford: Aufwachsen und zur\u00fcckschlagen<br \/>\n2000 \u2013 David Mathew: Von Phade zu Wayness<br \/>\n2003 \u2013 Norma Vance: Eine Jack-Vance-Biografie<br \/>\n2003 \u2013 Norma Vance: Jack Vance aus anderem Blickwinkel<br \/>\n2009 \u2013 Paul Rhoads: Betrachtungen \u00fcber Gr\u00f6\u00dfe in der Literatur<br \/>\n2009 \u2013 Carlo Rotella: Der Genre-K\u00fcnstler<br \/>\n2013 \u2013 Gisbert Haefs: In Gedenken an Jack Vance<br \/>\n2014 \u2013 Mark von Schlegell: Der gro\u00dfe Jack Vance<\/p>\n<p><\/span><\/p>\n<p>&nbsp;<\/p>\n<p><span style=\"color: #ffffff;\">2016 <em>Der D\u00e4monenf\u00fcrst \u2013 Die dissonanten Welten von Jack Vance<\/em> von Jack Rawlins \u2013 Bergneustadt: Irle, 151 Seiten (siehe <em><span style=\"font-family: Garamond;\">Demon Prince \u2013 The Dissonant Worlds of Jack Vance<\/span><\/em> \u2013 1986)<\/span><\/p>\n<p><span style=\"font-family: Garamond; color: #ffffff;\">- \u00dcber Jack Vance<br \/>\n- Vances Welten<br \/>\n- Vances Worte<br \/>\n- Vances Handlungen<br \/>\n- Nachwort: Neue Richtungen<br \/>\n- Ein Interview mit Jack Vance<br \/>\n- Ausgew\u00e4hlte Sekund\u00e4rliteratur<\/p>\n<p><\/span><\/p>\n<p>&nbsp;<\/p>\n<p><span style=\"font-family: Garamond; color: #ffffff;\">2014 <em>Handbook of Vance Space<\/em> von Michael Andre-Driussi, 187 Seiten<\/span><\/p>\n<p>&nbsp;<\/p>\n<p>&nbsp;<\/p>\n<p><span style=\"font-family: Garamond; color: #ffffff;\">2014 <em>Meister der Farben, Sch\u00f6pfer der Welten, Gro\u00dfer Romantiker <\/em>von Manfred Roth, 135 Seiten<\/span><\/p>\n<p>&nbsp;<\/p>\n<p>&nbsp;<\/p>\n<p><span style=\"font-family: Garamond; color: #ffffff;\">2011 <em>The Wit and Wisdom of Jack Vance <\/em>von Miguel Lugo, 71 Seiten<\/span><\/p>\n<p>&nbsp;<\/p>\n<p>&nbsp;<\/p>\n<p><span style=\"font-family: Garamond; color: #ffffff;\">2009 <em>Winged Being<\/em> \u2013 Thoughts on Jack Vance and Patient Explanations of the Obvious von Paul Rhoads<\/span><\/p>\n<p>&nbsp;<\/p>\n<p>&nbsp;<\/p>\n<p><span style=\"font-family: Garamond; color: #ffffff;\">2001 <em>The Jack Vance Integral Edition (The Complete Works of Jack Vance\u00a0 \u2013 an Undiscovered American Classic)<\/em><br \/>\n- \u00dcber das VIE-Project<br \/>\n- \u00dcber Jack Vance<br \/>\n- Die VIE-Schriftart (alle Texte liegen in Deutsch, Englisch, Franz\u00f6sisch, Schwedisch, Italienisch und Holl\u00e4ndisch vor)<\/span><\/p>\n<p>&nbsp;<\/p>\n<p>&nbsp;<\/p>\n<p><span style=\"font-family: Garamond; color: #ffffff;\">2000 <em>Jack Vance Critical Appreciations and a Bibliography<\/em> hrsg. von A.E. Cunningham, 232 Seiten<br \/>\n- Foreword: In Praise, In Awe, of Jack Vance von Harlan Ellison<br \/>\n- Introduction: Fruit from the Tree of Life von Terry Dowling<br \/>\n- Winged Being Plucking Fruit from the Tree of Life von Paul Rhoads<br \/>\n- Biographical Sketch &amp; Other Facts von Jack Vance<br \/>\n- People are Plastic: Jack Vance &amp; the Dilemma of Cultural Relativism von Tom Shippey<br \/>\n- The Living Earth von Gene Wolfe<br \/>\n- Growing Up, Striking Back: Revenge in the Work of Jack Vance von David Langford<br \/>\n- Jack Vance: Dragon Master von Dan Simmons<br \/>\n- From Phade to Wayness: the Changing Role of Woman von David Mathew<br \/>\n- A Jack Vance Bibliography von A.E. Cunningham<br \/>\n- Publishing Jack Vance von Charles F. Miller<br \/>\n- Notes on the Contributors<\/span><\/p>\n<p>&nbsp;<\/p>\n<p>&nbsp;<\/p>\n<p><span style=\"font-family: Garamond; color: #ffffff;\">1999 <em>Flammarion Ausblick #2 <\/em>herausgegeben von Ludger C. Albrecht, 44 Seiten<br \/>\n- Jack-Vance-Fanzine (u. a. Hollandecke, Vance-Interview, Alan Dean Fosters Homanx-Commonwealth, etc.)<\/span><\/p>\n<p>&nbsp;<\/p>\n<p>&nbsp;<\/p>\n<p><span style=\"font-family: Garamond; color: #ffffff;\">1999 <em>Jack Vance <\/em>von Hardy Kettlitz, Gerd Frey, Winfried Volkmann, 104 Seiten<br \/>\n- Einleitung<br \/>\n- Biographische Notizen<br \/>\n- annotierte Bibliographie<\/span><\/p>\n<p>&nbsp;<\/p>\n<p>&nbsp;<\/p>\n<p><span style=\"font-family: Garamond; color: #ffffff;\">1998 <em>Flammarion Ausblick #1 <\/em>herausgegeben von Ludger C. Albrecht, 40 Seiten<br \/>\n- Jack-Vance-Fanzine (u. a. ein Interview mit JV)<\/span><\/p>\n<p>&nbsp;<\/p>\n<p>&nbsp;<\/p>\n<p><span style=\"font-family: Garamond; color: #ffffff;\">1997 <em>Vance Space<\/em> von Michael Andre-Driussi, 52 Seiten<br \/>\n- ein \"Reisef\u00fchrer\" durch die Welten von Jack Vance<\/span><\/p>\n<p>&nbsp;<\/p>\n<p>&nbsp;<\/p>\n<p><span style=\"font-family: Garamond; color: #ffffff;\">1994 <em>The Work of Jack Vance <\/em>hrsg. von Jerry Hewett und Daryl F. Mallett, 293 Seiten<br \/>\n- Foreword: Two Years and Two Hundred Hours von Jerry Hewett und Daryl F. Mallett<br \/>\n- Introduction: The World of Jack Vance von Robert Silverberg<br \/>\n- A Jack Vance Chronology<br \/>\n- Bibliography<br \/>\n- <em>The Genesee Slough Murders (<\/em>eine Romanskizze des unvollendeten dritten Joe-Bain-Krimis)<br \/>\n- Afterword: Jack Vance: The Man and the Myth von Tim Underwood<\/span><\/p>\n<p>&nbsp;<\/p>\n<p>&nbsp;<\/p>\n<p><span style=\"font-family: Garamond; color: #ffffff;\">1992 <em>The Jack Vance Lexicon \u2013 from Ahulph to Zipangote <\/em>von Dan Temianka, 136 Seiten<br \/>\n- ein Lexikon mit 1.700 Eintr\u00e4gen<\/span><\/p>\n<p>&nbsp;<\/p>\n<p>&nbsp;<\/p>\n<p><span style=\"font-family: Garamond; color: #ffffff;\">1986 <em>Demon Prince \u2013 The Dissonant Worlds of Jack Vance<\/em> von Jack Rawlins, 104 Seiten<br \/>\n- About Jack Vance<br \/>\n- Vance's Worlds<br \/>\n- Vance's Words<br \/>\n- Vance's Plots<br \/>\n- Afterword: New Directions<br \/>\n- An Interview with Jack Vance<br \/>\n- Selective Secondary Bibliography<\/span><\/p>\n<p>&nbsp;<\/p>\n<p>&nbsp;<\/p>\n<p><span style=\"font-family: Garamond; color: #ffffff;\">1985 <em>Light from a Lone Star,<\/em> 125 Seiten<br \/>\n- Introduction von Russell Letson<br \/>\n- The Men Return, Hard-Luck Diggins, First Star I See tonight, The Potters of Firsk, Noise, Cat Island<br \/>\n- A Talk with Jack Vance mit Tim Underwood<br \/>\n- A Vance Encyclopedia<\/span><\/p>\n<p>&nbsp;<\/p>\n<p>&nbsp;<\/p>\n<p><span style=\"font-family: Garamond; color: #ffffff;\">1980 <em>Jack Vance,<\/em> herausgegeben von Tim Underwood und Chuck Miller, 252 Seiten<br \/>\n- Jack Vance and <em>The Dragon Masters<\/em> von Norman Spinrad<br \/>\n- Fantasms, Magics and Unfamiliar Sciences: The Early Fiction of Jack Vance, 1945-50 von Peter Close<br \/>\n- Jack Vance \u2013 The World-Thinker von Arthur Jean Cox<br \/>\n- The Double Shadow: The Influence of Clark Asthon Smith von Don Herron<br \/>\n- Tschai: Four Planets of Adventure von Mark Willard<br \/>\n- <em>The Eyes of the Overworld <\/em>and <em>The Dying Earth<\/em> von Robert Silverberg<br \/>\n- Jack Vance's \"General Culture\" Novels: A Synoptic Survey von Terry Dowling<br \/>\n- Jack Vance: Science Fiction Stylist von Richard Tiedmann<br \/>\n- Concerning Jack Vance: An Afterword von Poul Anderson<br \/>\n- Jack Vance: A Biographical Note<br \/>\n- Jack Vance: A Bibliography, erstellt von Marshall B. Tymn<\/span><\/p>\n","protected":false},"excerpt":{"rendered":"<p>&nbsp; 2016 Jack Vance \u2013 Weltensch\u00f6pfer und Wortschmied \u2013 herausgegeben von Andreas Irle, Bergneustadt: Irle, 505 Seiten 1945 \u2013 Jack Vance: Einf\u00fchrung als Schriftsteller 1964\/69 \u2013 Franz Rottensteiner: Jack Vance 1965 \u2013 Richard Tiedman: Jack Vance \u2013 Science-Fiction-Stilist 1978 \u2013 Terry Dowling: Die Kunst der Xenografie 1980 \u2013 Arthur Jean Cox: Jack Vance \u2013 Der Welten-Denker 1985 \u2013 Russell Letson:&nbsp;<a href=\"http:\/\/spatterlight.de\/?page_id=77\" class=\"read-more\">Weiter lesen<\/a><\/p>\n","protected":false},"author":2,"featured_media":0,"parent":0,"menu_order":0,"comment_status":"closed","ping_status":"closed","template":"","meta":{"footnotes":""},"_links":{"self":[{"href":"http:\/\/spatterlight.de\/index.php?rest_route=\/wp\/v2\/pages\/77"}],"collection":[{"href":"http:\/\/spatterlight.de\/index.php?rest_route=\/wp\/v2\/pages"}],"about":[{"href":"http:\/\/spatterlight.de\/index.php?rest_route=\/wp\/v2\/types\/page"}],"author":[{"embeddable":true,"href":"http:\/\/spatterlight.de\/index.php?rest_route=\/wp\/v2\/users\/2"}],"replies":[{"embeddable":true,"href":"http:\/\/spatterlight.de\/index.php?rest_route=%2Fwp%2Fv2%2Fcomments&post=77"}],"version-history":[{"count":8,"href":"http:\/\/spatterlight.de\/index.php?rest_route=\/wp\/v2\/pages\/77\/revisions"}],"predecessor-version":[{"id":467,"href":"http:\/\/spatterlight.de\/index.php?rest_route=\/wp\/v2\/pages\/77\/revisions\/467"}],"wp:attachment":[{"href":"http:\/\/spatterlight.de\/index.php?rest_route=%2Fwp%2Fv2%2Fmedia&parent=77"}],"curies":[{"name":"wp","href":"https:\/\/api.w.org\/{rel}","templated":true}]}}